of 779 and n?
41
Let x be -44*(-78)/104*(29 + (0 - -2)). What is the highest common factor of 15686 and x?
341
Let o be ((-18)/(-22) - 62/(-341)) + 451. Let k = o - 353. Calculate the highest common divisor of k and 36.
9
Let d(a) = 4*a**2 - 195*a + 941. Let l be d(5). Calculate the greatest common divisor of l and 3278.
22
Suppose 5 - 3 = u. Let a be 2/(-4)*(-40 + u). Suppose -4*v - 2*q = -834, 3*v - 625 = 8*q - 10*q. What is the highest common factor of a and v?
19
Suppose 58*m - 63*m - 5*x = -950, -m = -3*x - 214. Calculate the highest common factor of m and 1316.
28
Let j be 8/6 - (-52)/(-39). Suppose 12*w - 36 = -j*w. Calculate the greatest common divisor of w and 1.
1
Suppose 5*w - 4 = 2*x + 85, 3*w - 4*x - 59 = 0. Let m(q) = 23*q + q**2 - 20*q + q**2 - w. Let s be m(-5). Calculate the greatest common divisor of 27 and s.
9
Let u be (96 - 91)*(3 + -2). What is the greatest common factor of 2230 and u?
5
Let s(z) = -4*z - 13. Let w be s(-9). Let f = -3 + w. Let u(i) = -105*i + 4. Let v be u(0). Calculate the highest common divisor of f and v.
4
Suppose -47*b + 536 = -75. Calculate the greatest common divisor of b and 559.
13
Let l = 1562 + -1547. Let k be ((-275)/(-10))/(3/6). Calculate the greatest common factor of k and l.
5
Let m = -3 + 6. Let q be (-6)/33 - 1314/33*1. Let b be (-9)/((-28)/q - (1 - 0)). What is the highest common divisor of m and b?
3
Let g be 2 + 4 + 110 + -1. Let k = g - 102. Let i(p) = 3*p + 15. Let v be i(8). Calculate the highest common divisor of v and k.
13
Suppose -6*i + 2*n = -i + 146, -160 = 5*i + 5*n. Let u be (-6)/27*i*(-36)/(-10). Calculate the highest common divisor of 6 and u.
6
Let l = -5121 + 6331. Calculate the greatest common divisor of 70 and l.
10
Let q be 6 - (-5 + (-20 - -6)). Suppose 5*f - c + 6*c - q = 0, f - 11 = c. Calculate the greatest common divisor of 256 and f.
8
Let k be (-1 + 3)*(-1 + 0) + -13. Let d(n) = -3*n - 18. Let u be d(k). What is the highest common divisor of 9 and u?
9
Suppose 20*d - 988 = -1825 + 937. Calculate the greatest common divisor of d and 445.
5
Suppose 9*z = -14*z + 805. Suppose 24 = -0*v - 3*v. Let x be -4*6/v - -4. Calculate the greatest common factor of x and z.
7
Let u(l) = -l**3 - 10*l**2 + 9*l + 94. Let s be u(-10). Suppose -s*h + 4*b + 204 = 0, 279 = -0*h + 5*h + 3*b. What is the highest common divisor of h and 198?
18
Let h be 0 - 3 - (-1)/(-2)*-10. Suppose -h*f - 5 = -7. Calculate the highest common factor of f and 5.
1
Let p be (-14)/42*2*(-2 + 1823/(-2)). What is the greatest common divisor of p and 4089?
87
Let p = -6301 + 6445. What is the highest common factor of p and 333?
9
Suppose 12*c - 22*c = 65*c - 375. What is the highest common factor of c and 311?
1
Let x be (33 + -1 + 2)/2. Suppose 38 = h - 5*s - x, -5*h = -3*s - 253. Let y be 116/6 - 2/(-3). Calculate the greatest common divisor of y and h.
10
Let q(a) = 6 + 6*a**2 - a**3 + 1 + 3 - 11*a. Let d be q(4). Let g be ((-20)/15)/(2/132*d). Calculate the highest common divisor of g and 110.
22
Suppose 4*u + 3*c = -0*u + 402, -4*u + 408 = 4*c. Calculate the highest common divisor of 10464 and u.
96
Let p be 21/3 - 0*3/(-3). Suppose 0 = -p*l + 362 + 1367. What is the greatest common factor of 57 and l?
19
Let s(u) = u**3 + 13*u**2 + 38*u - 8. Let y = 245 + -251. Let d be s(y). What is the highest common factor of 68 and d?
4
Let o(h) = -h**3 + 3*h**2 + 19*h - 8. Let v be o(-4). Let k(d) = 12*d**2 + 9*d - 17. Let b be k(2). What is the greatest common factor of v and b?
7
Suppose -3*h - 23*a = -27*a + 724, -2*a = h + 258. Let z = h + 274. Calculate the greatest common divisor of z and 39.
13
Let c = 71 - 59. Suppose -4*q + 2*b + 14 = 0, -2*b = q - 4 - c. Suppose q = p + 4*r, -4*r + 59 = 4*p + 23. What is the highest common divisor of 40 and p?
10
Suppose -484 = -6*z + 2*z. Let p be ((-194)/(-10))/((-41)/(-205)). Let j = z - p. What is the greatest common divisor of j and 24?
24
Suppose -2*h - 2*t + 40 = 0, -2*h + 3*t = 4*t - 40. Let k = -1188 - -2283. Let g = 1105 - k. Calculate the greatest common divisor of h and g.
10
Let m(r) = 18*r**2 + 169*r + 69. Let y be m(-9). What is the highest common divisor of 1548 and y?
6
Let r(x) = -x**3 + 9*x**2 + 23*x - 9. Let w be r(11). Let h = w + 64. Calculate the greatest common divisor of h and 462.
66
Suppose 105*q + 71*q - 4224 = 0. Calculate the highest common factor of q and 128.
8
Let y be (-952)/2*(-57 - -54). Calculate the greatest common factor of 2244 and y.
204
Let q(g) = -g**3 + 30*g**2 + 9. Let l be q(30). Let s be 1778/22 + 46/11 + -4. Let u = 117 - s. Calculate the highest common divisor of l and u.
9
Suppose 0*p + 25 = -5*p, -5*b + 3*p = -30. Suppose -2*h = b*m - 49, 7 + 3 = 2*m. Suppose -26*q = -25*q - h. Calculate the highest common divisor of 51 and q.
17
Let b(c) = -2*c - 9*c**2 + 6*c + 11*c**2 + 5*c - 3. Let h be b(-5). Suppose 5*t - 2*y - 19 = 9, 3*y = h*t - 20. What is the highest common factor of 4 and t?
4
Suppose -u = 2*y - 24090, 3*y + 11*u - 12024 = 2*y. What is the greatest common divisor of 76 and y?
38
Let t = -60 - -93. Suppose 0 = 6*r - 49 - 59. Suppose -r*w - 15*w = -363. What is the highest common divisor of t and w?
11
Let j be (34 - 0)/2*8. Suppose -3*q + 239*m + 47 = 238*m, q - 14 = 2*m. Calculate the greatest common factor of j and q.
8
Let l be (1 - -1) + (-200)/(-2). Suppose 5*j + l = -j. Let s(o) = -o - 13. Let u be s(j). What is the greatest common factor of u and 2?
2
Let m = 13139 + -12927. Calculate the greatest common divisor of m and 21836.
212
Let u(p) = -10*p + 315. Let n be u(16). Calculate the greatest common factor of n and 25.
5
Let j = 11 - 4. Suppose -1 = j*a - 22. Suppose 40 = -a*h + 70. Calculate the greatest common factor of h and 80.
10
Let w = -435 + 793. Let u = w + -293. What is the greatest common divisor of 650 and u?
65
Let l be (14/3)/(10*19/963300). What is the greatest common divisor of 84 and l?
28
Suppose 5*m + v = -0*v + 78, 2*m + v = 30. Suppose 144*f + m = 145*f. Calculate the greatest common divisor of f and 168.
8
Let r = -353 - -363. Let y be (4*1)/(r - (-2745)/(-275)). What is the greatest common divisor of 44 and y?
44
Let g(t) = -11*t**3 + 0*t**3 - 6*t**2 + 6*t**3 - 18 - 6*t + 6*t**3. Let n be g(9). Calculate the greatest common divisor of 19 and n.
19
Let m(p) = 18*p + 244. Let i be m(-13). Suppose -3*w = -2*w - 2, 0 = -5*o + 2*w + 121. What is the highest common divisor of o and i?
5
Let t be 5334/14 - (2 + 0). Suppose -t = -2*n + 449. Calculate the greatest common factor of n and 36.
18
Let d be -15 + (0 - 3) + 11 - 5*-3. What is the greatest common factor of 3368 and d?
8
Let u(y) = -17*y - 3. Let d be u(4). Let n be 2 + 1 + 1 - d. Let m = -38 - -68. Calculate the greatest common divisor of n and m.
15
Let c = -66 + 75. Let d(p) = -69*p - 222. Let j be d(-10). What is the highest common factor of c and j?
9
Let o(s) = 5*s**2 + 22*s - 75. Let c be o(3). Let n(d) = -d - 14. Let m be n(-7). Let w = 2 - m. What is the highest common factor of c and w?
9
Suppose 2*c = 2*f - 354, -6*c + 2*c - 12 = 0. Let y = f - 159. What is the greatest common divisor of 345 and y?
15
Suppose -26*i + 7*i + 141162 + 139430 = 0. Calculate the greatest common factor of i and 142.
142
Let f be 35/(6125/415675) - 2/7. Calculate the highest common factor of f and 19.
19
Let x = -83 + 97. Let c be 62 - (-7)/((-7)/2) - -3. What is the highest common divisor of c and x?
7
Let g = -6201 - -6312. Calculate the highest common divisor of 24 and g.
3
Let o(x) = -338*x - 1342. Let u be o(-4). What is the greatest common divisor of u and 1465?
5
Suppose -3*r + 184 = 16. Suppose -52 = -2*f - 4*y, 13*f - 5*y + 165 = 18*f. Calculate the highest common divisor of f and r.
8
Suppose -20*g = 613 - 1593. Suppose -16*s + 8*s + 1176 = 0. Calculate the highest common divisor of g and s.
49
Let k = 3 + -1. Let w be ((-34)/2)/(k/(-2)). Let m(j) = -8*j**2 + 76*j - 28. Let n be m(8). Calculate the greatest common factor of w and n.
17
Let a = -19 + 29. Let z = -21065 + 21067. Calculate the highest common factor of z and a.
2
Let g(r) = -17*r - 10 - 49 - 27. Let i be g(-10). Calculate the greatest common divisor of i and 63.
21
Let r be 1/(1/(-14)*-7). Suppose -r*x = -63 - 243. What is the highest common divisor of x and 85?
1